{"id":35,"date":"2024-03-29T23:46:29","date_gmt":"2024-03-29T22:46:29","guid":{"rendered":"https:\/\/museogotadeagua.megatoolsmx.com\/?page_id=35"},"modified":"2024-03-31T07:55:43","modified_gmt":"2024-03-31T05:55:43","slug":"driectorio","status":"publish","type":"page","link":"https:\/\/museogotadeagua.megatoolsmx.com\/index.php\/driectorio\/","title":{"rendered":"Directorio"},"content":{"rendered":"<div class=\"wp-block-image is-style-rounded\">\n<figure class=\"alignleft size-large is-resized\"><img fetchpriority=\"high\" decoding=\"async\" width=\"1024\" height=\"683\" src=\"https:\/\/museogotadeagua.megatoolsmx.com\/wp-content\/uploads\/2024\/03\/fotoperfil-1-1024x683.jpeg\" alt=\"\" class=\"wp-image-37\" style=\"width:400px;height:auto\" srcset=\"https:\/\/museogotadeagua.megatoolsmx.com\/wp-content\/uploads\/2024\/03\/fotoperfil-1-1024x683.jpeg 1024w, https:\/\/museogotadeagua.megatoolsmx.com\/wp-content\/uploads\/2024\/03\/fotoperfil-1-300x200.jpeg 300w, https:\/\/museogotadeagua.megatoolsmx.com\/wp-content\/uploads\/2024\/03\/fotoperfil-1-768x512.jpeg 768w, https:\/\/museogotadeagua.megatoolsmx.com\/wp-content\/uploads\/2024\/03\/fotoperfil-1-1536x1024.jpeg 1536w, https:\/\/museogotadeagua.megatoolsmx.com\/wp-content\/uploads\/2024\/03\/fotoperfil-1-2048x1365.jpeg 2048w, https:\/\/museogotadeagua.megatoolsmx.com\/wp-content\/uploads\/2024\/03\/fotoperfil-1-380x254.jpeg 380w\" sizes=\"(max-width: 1024px) 100vw, 1024px\" \/><\/figure><\/div>\n\n\n<p class=\"has-text-align-center\" style=\"font-size:30px\"><strong>Dr. Juan Jos\u00e9 Santiba\u00f1ez Santiago<\/strong><\/p>\n\n\n\n<hr class=\"wp-block-separator has-alpha-channel-opacity\"\/>\n\n\n\n<p class=\"has-text-align-left\" style=\"font-size:14px\">Profesor titular del \u00c1rea de Estudios Rurales y Urbanos del Departamento de Sociolog\u00eda de la UAM Iztapalapa. Egresado de la Escuela de Antropolog\u00eda e Historia. Doctorado en el COLMEX. Sus l\u00edneas de investigaci\u00f3n han sido enfocadas al ajuste estructural y reorganizaci\u00f3n de la agricultura regional y la integraci\u00f3n en la producci\u00f3n lechera de Valles de Oaxaca y a los sistemas de captaci\u00f3n de agua de lluvia en las escuelas p\u00fablicas, entre otros temas. Ha impartido clases en importantes universidades a nivel nacional e internacional. Promotor del Museo Gota de Agua.<\/p>\n\n\n\n<div style=\"height:60px\" aria-hidden=\"true\" class=\"wp-block-spacer\"><\/div>\n\n\n<div class=\"wp-block-image is-style-rounded\">\n<figure class=\"alignright size-large is-resized\"><img decoding=\"async\" width=\"1024\" height=\"683\" src=\"https:\/\/museogotadeagua.megatoolsmx.com\/wp-content\/uploads\/2024\/03\/fotoperfil-1-1024x683.jpeg\" alt=\"\" class=\"wp-image-37\" style=\"width:395px;height:auto\" srcset=\"https:\/\/museogotadeagua.megatoolsmx.com\/wp-content\/uploads\/2024\/03\/fotoperfil-1-1024x683.jpeg 1024w, https:\/\/museogotadeagua.megatoolsmx.com\/wp-content\/uploads\/2024\/03\/fotoperfil-1-300x200.jpeg 300w, https:\/\/museogotadeagua.megatoolsmx.com\/wp-content\/uploads\/2024\/03\/fotoperfil-1-768x512.jpeg 768w, https:\/\/museogotadeagua.megatoolsmx.com\/wp-content\/uploads\/2024\/03\/fotoperfil-1-1536x1024.jpeg 1536w, https:\/\/museogotadeagua.megatoolsmx.com\/wp-content\/uploads\/2024\/03\/fotoperfil-1-2048x1365.jpeg 2048w, https:\/\/museogotadeagua.megatoolsmx.com\/wp-content\/uploads\/2024\/03\/fotoperfil-1-380x254.jpeg 380w\" sizes=\"(max-width: 1024px) 100vw, 1024px\" \/><\/figure><\/div>\n\n\n<p class=\"has-text-align-left\" style=\"font-size:30px\"><strong>Dr. Javier Vel\u00e1zquez Moctezuma<\/strong><\/p>\n\n\n\n<hr class=\"wp-block-separator has-alpha-channel-opacity\"\/>\n\n\n\n<p class=\"has-text-align-left\" style=\"font-size:14px\">Profesor Distinguido de la UAM. Adscrito al \u00c1rea de Neurociencias de la UAM Iztapalapa. M\u00e9dico de profesi\u00f3n por la UNAM. Maestr\u00eda por la Facultad de Psicolog\u00eda y de doctorado por CIRA, CINVESTAV-UAT. Fue Rector de la Unidad Iztapalapa de esta Instituci\u00f3n. Director y Fundador de la Cl\u00ednica de Trastornos de Sue\u00f1o de la UAM-I. Fundador e impulsor de la Feria de Ciencias y la Oficina de Divulgaci\u00f3n de la Ciencia y las Humanidades de la misma Unidad. Divulgador de la Ciencia. Miembro del Sistema Nacional de Investigadores, nivel III. Sus l\u00edneas de investigaci\u00f3n est\u00e1n relacionadas con el sue\u00f1o en humanos y en modelos animales, el sistema inmunol\u00f3gico y los estudios conductuales en modelos animales, entre otros. Promotor del Museo Gota de Agua.<\/p>\n\n\n\n<div style=\"height:100px\" aria-hidden=\"true\" class=\"wp-block-spacer\"><\/div>\n\n\n<div class=\"wp-block-image is-style-rounded\">\n<figure class=\"alignleft size-large is-resized\"><img decoding=\"async\" width=\"1024\" height=\"683\" src=\"https:\/\/museogotadeagua.megatoolsmx.com\/wp-content\/uploads\/2024\/03\/fotoperfil-1-1024x683.jpeg\" alt=\"\" class=\"wp-image-37\" style=\"width:422px;height:auto\" srcset=\"https:\/\/museogotadeagua.megatoolsmx.com\/wp-content\/uploads\/2024\/03\/fotoperfil-1-1024x683.jpeg 1024w, https:\/\/museogotadeagua.megatoolsmx.com\/wp-content\/uploads\/2024\/03\/fotoperfil-1-300x200.jpeg 300w, https:\/\/museogotadeagua.megatoolsmx.com\/wp-content\/uploads\/2024\/03\/fotoperfil-1-768x512.jpeg 768w, https:\/\/museogotadeagua.megatoolsmx.com\/wp-content\/uploads\/2024\/03\/fotoperfil-1-1536x1024.jpeg 1536w, https:\/\/museogotadeagua.megatoolsmx.com\/wp-content\/uploads\/2024\/03\/fotoperfil-1-2048x1365.jpeg 2048w, https:\/\/museogotadeagua.megatoolsmx.com\/wp-content\/uploads\/2024\/03\/fotoperfil-1-380x254.jpeg 380w\" sizes=\"(max-width: 1024px) 100vw, 1024px\" \/><\/figure><\/div>\n\n\n<p style=\"font-size:30px\"><strong>Dr. \u00d3scar Monroy Hermosillo<\/strong><\/p>\n\n\n\n<hr class=\"wp-block-separator has-alpha-channel-opacity\"\/>\n\n\n\n<p style=\"font-size:14px\">Profesor Distinguido de la UAM del Departamento de Biotecnolog\u00eda de la UAM-I. Ingeniero Qu\u00edmico por la Facultad de Qu\u00edmica de la UNAM. Maestr\u00eda en la Universidad de Strathclyde, Escocia, UK. Doctorado por la Facultad de Qu\u00edmica de la UNAM. Miembro del Sistema Nacional de Investigadores, nivel III. Fue Rector de la UAM Iztapalapa. Es Presidente de la Comisi\u00f3n de Cuenca de los R\u00edos Amecameca y La Compa\u00f1\u00eda. Sus l\u00edneas de investigaci\u00f3n est\u00e1n orientadas al manejo de basura y al tratamiento de aguas residuales, entre otros temas. Promotor del Museo Gota de Agua.<\/p>\n\n\n\n<div style=\"height:100px\" aria-hidden=\"true\" class=\"wp-block-spacer\"><\/div>\n\n\n<div class=\"wp-block-image is-style-rounded\">\n<figure class=\"alignright size-large is-resized\"><img loading=\"lazy\" decoding=\"async\" width=\"1024\" height=\"683\" src=\"https:\/\/museogotadeagua.megatoolsmx.com\/wp-content\/uploads\/2024\/03\/fotoperfil-1-1024x683.jpeg\" alt=\"\" class=\"wp-image-37\" style=\"width:430px;height:auto\" srcset=\"https:\/\/museogotadeagua.megatoolsmx.com\/wp-content\/uploads\/2024\/03\/fotoperfil-1-1024x683.jpeg 1024w, https:\/\/museogotadeagua.megatoolsmx.com\/wp-content\/uploads\/2024\/03\/fotoperfil-1-300x200.jpeg 300w, https:\/\/museogotadeagua.megatoolsmx.com\/wp-content\/uploads\/2024\/03\/fotoperfil-1-768x512.jpeg 768w, https:\/\/museogotadeagua.megatoolsmx.com\/wp-content\/uploads\/2024\/03\/fotoperfil-1-1536x1024.jpeg 1536w, https:\/\/museogotadeagua.megatoolsmx.com\/wp-content\/uploads\/2024\/03\/fotoperfil-1-2048x1365.jpeg 2048w, https:\/\/museogotadeagua.megatoolsmx.com\/wp-content\/uploads\/2024\/03\/fotoperfil-1-380x254.jpeg 380w\" sizes=\"(max-width: 1024px) 100vw, 1024px\" \/><\/figure><\/div>\n\n\n<p style=\"font-size:30px\"><strong>Dr. Oscar Rossbach Vaca<\/strong><\/p>\n\n\n\n<hr class=\"wp-block-separator has-alpha-channel-opacity\"\/>\n\n\n\n<p style=\"font-size:14px\">Empresario e impulsor de compa\u00f1\u00edas de base tecnol\u00f3gica. Presidente de Industrias Rossbach. Su licenciatura la realiz\u00f3 en la Universidad Lasalle. Tambi\u00e9n es egresado de la Universidad de Poitiers de Tours, Par\u00eds, Francia. Ha sido Presidente de la Asociaci\u00f3n de Empresarios de Iztapalapa; Presidente de su patronato. Asesor de la Presidencia Nacional de la C\u00e1mara Nacional de la Industria de la Transformaci\u00f3n y representante de la misma ante el Gobierno del Distrito Federal, Presidente del sector de la industria m\u00e9dica de CANACINTRA, miembro de la Junta de Gobierno del Instituto de Ciencia y Tecnolog\u00eda del Distrito Federal, entre otros cargos. Actualmente es miembro del Patronato de la UAM. Promotor del Museo Gota de Agua.<\/p>\n","protected":false},"excerpt":{"rendered":"<p>Dr. Juan Jos\u00e9 Santiba\u00f1ez Santiago Profesor titular del \u00c1rea de Estudios Rurales y Urbanos del Departamento de Sociolog\u00eda de la UAM Iztapalapa. Egresado de la Escuela de Antropolog\u00eda e Historia. Doctorado en el COLMEX. Sus l\u00edneas de investigaci\u00f3n han sido enfocadas al ajuste estructural y reorganizaci\u00f3n de la agricultura regional y la integraci\u00f3n en la&hellip;<\/p>\n<p class=\"more-link\"><a href=\"https:\/\/museogotadeagua.megatoolsmx.com\/index.php\/driectorio\/\" class=\"themebutton2\">Leer m\u00e1s<\/a><\/p>\n","protected":false},"author":1,"featured_media":0,"parent":0,"menu_order":0,"comment_status":"closed","ping_status":"closed","template":"","meta":{"footnotes":"[]"},"_links":{"self":[{"href":"https:\/\/museogotadeagua.megatoolsmx.com\/index.php\/wp-json\/wp\/v2\/pages\/35"}],"collection":[{"href":"https:\/\/museogotadeagua.megatoolsmx.com\/index.php\/wp-json\/wp\/v2\/pages"}],"about":[{"href":"https:\/\/museogotadeagua.megatoolsmx.com\/index.php\/wp-json\/wp\/v2\/types\/page"}],"author":[{"embeddable":true,"href":"https:\/\/museogotadeagua.megatoolsmx.com\/index.php\/wp-json\/wp\/v2\/users\/1"}],"replies":[{"embeddable":true,"href":"https:\/\/museogotadeagua.megatoolsmx.com\/index.php\/wp-json\/wp\/v2\/comments?post=35"}],"version-history":[{"count":20,"href":"https:\/\/museogotadeagua.megatoolsmx.com\/index.php\/wp-json\/wp\/v2\/pages\/35\/revisions"}],"predecessor-version":[{"id":128,"href":"https:\/\/museogotadeagua.megatoolsmx.com\/index.php\/wp-json\/wp\/v2\/pages\/35\/revisions\/128"}],"wp:attachment":[{"href":"https:\/\/museogotadeagua.megatoolsmx.com\/index.php\/wp-json\/wp\/v2\/media?parent=35"}],"curies":[{"name":"wp","href":"https:\/\/api.w.org\/{rel}","templated":true}]}}